 (-1 - -1) + -5 + (3 - 2)?
-4
Calculate -5 - (2 + 1 + -3 + -4).
-1
-2 + 5 + -1 + (-2 - 0)
0
Calculate -8 + -4 + -1 + 14.
1
Calculate 0 - (3 - (0 + -4)).
-7
What is -78 + 77 - (4 + -2 - 7)?
4
-3 + (-8 + 14 - (-3 + 9))
-3
Evaluate -7 + 11 + (-6 - -1).
-1
Evaluate 5 + (-6 - 3) + 5.
1
Evaluate 2 + -12 - (-7 - (-2 - 1)).
-6
Evaluate (-1 - (6 + -11)) + 1.
5
Evaluate -22 - -4 - -11 - 2.
-9
Calculate 7 - (13 - (-8 - -15)).
1
Calculate -5 + 1 - (-2 + 0 - -1).
-3
Evaluate 2 + -10 + 2 + 0 + 2.
-4
What is the value of 71 - 75 - (0 - -1) - 5?
-10
Evaluate -3 + 1 + -19 + 20.
-1
What is the value of -9 + 4 + 0 - -2?
-3
Calculate 1 + -11 + (8 - (12 - 12)).
-2
What is -3 + (-1 - -2 - 2)?
-4
(-6 - (-2 - -2 - 2)) + -1
-5
Evaluate 6 + 4 + -5 + -11 - 0.
-6
What is the value of -3 + -1 + (5 - -3)?
4
What is the value of -2 + 10 - -8 - (7 + 0)?
9
Evaluate 5 - (14 + -11) - (-1 + 6).
-3
Calculate (-2 + -2 - 1) + -2 + 6.
-1
-4 + (-2 - 0 - (-1 - 2))
-3
-5 - -3 - (1 - 7)
4
What is the value of -9 - -2 - 0 - -12?
5
Evaluate (-7 - -1) + (-10 - -17).
1
What is (-6 - -2) + -2 + 2 - -6?
2
Calculate 3 - (7 + (-5 - -2)).
-1
Calculate 6 + (13 + -6 + -5 - 3).
5
What is the value of -12 - (10 - 6 - (9 + 1))?
-6
What is -6 + -4 + 1 + 6?
-3
What is the value of -6 - (-1 + 0 + -5)?
0
What is 0 - (7 - -2 - 4)?
-5
Calculate 4 + 4 + -7 + 3 + -2.
2
What is -10 + -12 + 6 + 13?
-3
What is 18 + -6 + 4 + -11?
5
What is the value of -5 + 11 - (9 - 8)?
5
What is the value of -2 + 6 + (-2 + -5 - -3)?
0
Evaluate 1 - (-3 + 0 + 1 + 2).
1
Evaluate (-2 - 0) + 8 + (-128 - -121).
-1
What is -10 + 4 - (0 + 4 - 8)?
-2
Evaluate (4 - 5) + -5 + (2 - 4).
-8
Calculate -3 + (-9 - -4 - -2).
-6
115 + -114 + (2 - -1) + 1
5
Evaluate 8 - (-7 - -8) - (5 - 2).
4
Calculate -1 - (7 - (4 + (2 - -2))).
0
What is -1 - ((6 - 5) + 1)?
-3
Calculate (4 - ((-4 - -14) + -9)) + -4.
-1
What is the value of 3 + (-16 + 6 - -7)?
0
Calculate 14 - 11 - (-2 - (-1 - 2)).
2
-1 + -4 - 3 - -1
-7
Evaluate -4 + -1 + -1 + (-14 - -17).
-3
Evaluate 1 - 0 - 0 - 2.
-1
Calculate 2 + 7 - (4 - 0).
5
-2 + 12 + -2 + -2 - 1
5
What is the value of -4 + 2 + 2 + 2?
2
What is (0 - (0 + (2 - -1))) + 3?
0
Evaluate (14 - 7) + 0 - 4.
3
Calculate 5 + (0 + -1 - 3 - -2).
3
Calculate 3 - (0 - -3 - 4 - -1).
3
Calculate -5 + 1 + (35 + -22 - 3).
6
What is -8 + 16 + (1 - 1 - 4)?
4
Calculate 7 + -9 + -2 + 0.
-4
Calculate 0 - (-4 + (3 - 0)) - 4.
-3
What is 4 + 0 + -4 - 2?
-2
What is 80 + -65 - (-2 + (1 - -7))?
9
Calculate 4 - (-5 + (1 - -6)).
2
Calculate -2 + (5 - (5 + 3)) - -2.
-3
What is the value of 1 + (3 - 4 - -2) - 0?
2
What is (-5 + 4 + 4 - 0) + -2?
1
What is the value of (6 - 12) + 9 - 6?
-3
What is -4 + 8 + 3 - 1?
6
9 - 10 - (-2 + (-4 - -1))
4
What is (1 + -18 - -16) + (-1 - 1)?
-3
Evaluate 11 + -14 - -1 - -1.
-1
Calculate 6 + (7 - 5) + -5.
3
What is -2 + 6 - (14 - 12)?
2
Calculate 4 - ((3 - 3) + 12 + -13).
5
What is the value of -6 - -4 - (-6 + -1)?
5
3 - (4 - (8 + 5 + -6))
6
What is -1 + -1 + (-1 - -7 - 2)?
2
3 - ((4 - -6) + -4)
-3
What is 1 + (-3 - -2 - (0 - -1))?
-1
What is 2 + -2 - (-10 + 4) - 1?
5
Calculate 1 - (6 - 2 - 2) - -5.
4
What is the value of 5 + 5 + -7 - -3?
6
Evaluate 0 - (-4 - (1 + 0)).
5
What is (3 - 3 - -2) + -2?
0
Evaluate 2 + 0 + 4 + -6.
0
What is (-1 - -5) + -7 + 3 + 0?
0
Calculate 1 + 0 + (-2 - 3) + 0.
-4
What is (7 - 2) + -1 - 2?
2
What is the value of (-1 + 1 - 2) + (-5 - -2)?
-5
Calculate 1 - -6 - (3 + -1).
5
Calculate 5 + (-1 + 2 - 7).
-1
Evaluate 1 + -2 - -5 - 3.
1
What is (2 - 1 - 3) + 6?
4
Calculate (1 - (-6 - 3)) + (-8 - -3).
5
Evaluate 9 + 8 + -26 + 9.
0
Calculate 1 + -5 + (0 - -2).
-2
What is the value of 19 + -26 + (6 - 0) - -6?
5
What is the value of -3 + -1 + (12 - 5)?
3
Evaluate -4 - (-3 + 2 - 0).
-3
Evaluate -6 + 5 - (-8 - -1).
6
1 + 4 + (0 + 2 - 3)
4
What is the value of 2 + -4 + 6 + (0 - 3)?
1
What is the value of 3 - 15 - -5 - (18 + -17)?
-8
Calculate (1 - 0) + (3 - 4 - 5).
-5
Evaluate (14 - 15) + 1 + -3.
-3
0 - 1 - (-3 - (-10 + 3))
-5
What is -3 - ((0 - -4) + -4 + -2)?
-1
What is 3 + -3 - 1 - (-1 + -1)?
1
What is the value of -4 - -2 - -4 - (1 - 3)?
4
What is the value of 12 + 3 + -1 - 9?
5
What is 4 - (-2 - (3 - 6))?
3
What is 10 - 1 - -1 - 3?
7
What is the value of -41 - -40 - (1 - -2)?
-4
Calculate 3 - (5 + 1 - -1).
-4
-7 + 5 + 3 + -8 + 2
-5
Evaluate 0 - (12 - (4 - -2)).
-6
Calculate 3 - (3 - (3 + -3 + 5)).
5
Calculate (-5 - 3) + (-2 - 0) + 11.
1
Evaluate 7 + -13 + (1 - 0) + 7.
2
What is 6 + 2 + -6 - 1 - 3?
-2
Calculate (3 - -2) + (1 - 3).
3
Evaluate -2 - (4 + -5 + -4).
3
What is -2 + -1 + -2 + 6?
1
Evaluate -3 - -2 - (5 - (9 + -5)).
-2
-2 - (-1 + (-1 - -1))
-1
Calculate 4 + (6 - 4) + -4.
2
4 + (0 - -2) + 0
6
Evaluate -5 - -12 - (2 + 4 + -3).
4
Calculate 1 + 0 - (-21 - -23).
-1
Evaluate 4 + (-3 - -4) + -5.
0
-5 - (-2 + 2 + -6)
1
What is the value of -3 - (-2 - (-3 + -1 + -1))?
-6
What is the value of 3 + (3 - 1 - 5)?
0
What is (3 - 9) + (4 - 0)?
-2
5 + -3 - (8 + 6 - 4)
-8
9 + 14 + -11 + -12
0
Evaluate (1 - -1) + (20 + -4 - 14).
4
What is (-4 + 2 - -5) + -7 + 2?
-2
Calculate 9 - (10 + (2 - 8)).
5
-1 + 6 - (-7 + (7 - -8))
-3
Evaluate -7 + (4 - (3 - 8)) + -7.
-5
Calculate -3 - -11 - ((-7 - -4) + 8).
3
Evaluate -1 + 3 + 0 - 3.
-1
(-11 - (-5 - -6)) + 21
9
What is 2 - 1 - 2 - (3 + 0)?
-4
Evaluate (37 - 33) + (-5 - (-1 - -2)).
-2
What is -9 + -1 + 6 - -3?
-1
What is the value of -4 - -1 - (1 - (1 - -4))?
1
What is the value of (-1 + 7 - 8) + (0 - 3)?
-5
What is (12 + -15 - (-4 + 0)) + 4?
5
What is (-79 - -75) + (-1 - -11)?
6
(-1 - (1 + -3)) + (-3 - 1)
-3
2 + 6 + -1 - (2 + -3)
8
12 + 1 + -162 + 155
6
What is the value of 5 + 1 + -3 - (0 - -8)?
-5
Calculate -9 + (3 - 1 - -3).
-4
Calculate -3 + 3 + 4 + -5.
-1
What is the value of -3 + 5 - 9 - -3?
-4
What is the value of 3 + (-1 - (4 - 0))?
-2
What is 1 + 2 + (-3 - 1) + -3?
-4
What is 1 - (3 - (0 - -1))?
-1
What is the value of 1 - (15 + -18 - (0 - -1))?
5
Calculate 2 + 0 + 15 + -20.
-3
2 - (1 + 7 - (-1 + 6))
-1
What is 9 - (1 + 8 + -3)?
3
Evaluate 2 + (1 - 6) - (-3 - -2).
-2
What is the value of (-5 - -2) + 1 + 4?
2
15 + (-8 - 2) + 1
6
What is the value of -3 - (2 + -8 + 7)?
-4
14 + -26 + 13 - (-1 - -4)
-2
Calculate (2 - -1 - 13 - -3) + 2.
-5
What is -16 + 2 + 6 + 5 + -1?
-4
Evaluate (1 - (1 + -3)) + -1 + 3.
5
What is the value of 5 - ((6 - 10) + 5)?
4
Calculate 6 - (14 - 8 - -1).
-1
Evaluate -1 + -3 + (-3 - -3) - -6.
2
Calculate (0 - 0 - -4) + -3.
1
What is -11 - (8 - 25) - -1?
7
0 + 3 - (2 - 1)
2
-3 - -1 - (37 + (-15 - 14))
-10
Evaluate -3 - -1 - (10 + -9).
-3
(-1 - (1 - -2)) + 7
3
What is the value of 0 + (10 + 1 - 5)?
6
(3 + 0 + -1 - -1) + -6
-3
Calculate 2 + -2 + -5 + 8.
3
What is 8 + 0 - (27 - 23) - 6?
-2
-6 + 9 - (2 - -2 - 1)
0
-6 - -3 - (-9 - -5)
1
Evaluate 1 + (-9 + 3 - -6) - 7.
-6
Evaluate 10 + (-4 - 3 - 1).
2
What is 0 - 13 - (3 - 10)?
-6
What is the value of 4 - (-2 + (8 - 1))?
-1
Evaluate (2 + 1 - 5) + (1 - 2).
-3
Calculate -13 + 6 + (3 - 1).
-5
What is 1 + -2 - (-2 + 1) - -1?
1
Calculate -6 + 9 + (-21 - -5 - -9).
-4
Evaluate (-1 - 2 - -4) + 2 - -2.
5
What is 9 - (10 + 1 + -5)?
3
(-3 + 5 - -5 - 1) + 1
7
Calculate (5 + -4 - -1) + (-2 - -5).
5
What is the value of -3 - (1 - (3 + -4))?
-5
What is (-8 - -3) + (13 - 16)?
-8
Evaluate 5 + -6 + -2 + 5.
2
Evaluate 1 + -1 + (8 - 2) + -3.
3
What is the value of -12 + 21 - -2 - 2?
9
Calculate (1 - (-1 - -6)) + 9.
5
What is the value of -10 + (-11 - -11) - -3?
-7
What is the value of -1 + -3 - 0 - (10 - 19)?
5
4 - (3 - -1) - -2
2
Calculate 2 + 0 + (6 - 4) + 1.
5
Calculate 3 + (4 - 7) - -3 - -1.
4
Evaluate (-6 - -4) + (11 + 1 - 5).
5
What is the value of -13 - (-1 + (-14 - -7))?
-5
Evaluate 1 - (-2 + (4 - 1) + -4).
4
What is the value of -2 - (-3 - (0 - (-1 + 1)))?
1
What is 6 + -11 + (0 - 8) + 5?
-8
Evaluate 2 + 0 + -9 + 3 - -5.
1
What is 4 + -4 + -2 - 1?
-3
What is the value of 5 + (1 - (0 + 3))?
3
6 + -5 - (0 + -1 - -3)
-1
-3 + -6 + 7 - -3
1
What is the value of -2 + 10 + -7 + 1?
2
6 - ((-6 - 2) + 12 - 7)
9
What is the value of -9 + (6 - (10 + -5))?
-8
What is -3 + 1 + 5 + -1?
2
What is -24 + 21 - (-1 - -2)?
-4
1 - (2 + -1 + -2)
2
2 + (-6 + 3 - 3)
-4
Calculate (-5 - (4 + 3)) + -6 + 13.
-5
Evaluate 3 + -4 + 2 - (-6 - -6).
1
What is -2 + -8 + 10 - 6 - -16?
10
-1 + -1 + 3 + -29 + 24
-4
What is (2 + 1 - 2) + 2?
3
What is 